{"id":13,"date":"2023-11-24T03:16:14","date_gmt":"2023-11-24T02:16:14","guid":{"rendered":"https:\/\/silicone-moderne.com\/?page_id=13"},"modified":"2026-01-27T20:47:18","modified_gmt":"2026-01-27T19:47:18","slug":"accueil","status":"publish","type":"page","link":"https:\/\/silicone-moderne.com\/","title":{"rendered":"Accueil"},"content":{"rendered":"\n<h2 class=\"wp-block-heading\"><a href=\"https:\/\/silicone-moderne.com\/\">Silicone Moderne Alg\u00e9rie<\/a><\/h2>\n\n\n\n<p>Leader dans la fabrication de produits en silicone et plastique de haute technologie<\/p>\n\n\n<p>Guid\u00e9s par l&rsquo;exigence de votre satisfaction, nous concevons des solutions en silicone de haute technicit\u00e9, alliant une pr\u00e9cision dimensionnelle absolue \u00e0 une fiabilit\u00e9 constante pour l&rsquo;ensemble de vos applications.<\/p>\n<p><!-- \/wp:post-content --><\/p>\n<p><!-- wp:paragraph {\"fontSize\":\"medium\"} --><\/p>","protected":false},"excerpt":{"rendered":"<p>Silicone Moderne Alg\u00e9rie Leader dans la fabrication de produits en silicone et plastique de haute technologie Guid\u00e9s par l&rsquo;exigence de votre satisfaction, nous concevons des solutions en silicone de haute technicit\u00e9, alliant une pr\u00e9cision dimensionnelle absolue \u00e0 une fiabilit\u00e9 constante pour l&rsquo;ensemble de vos applications.<\/p>\n","protected":false},"author":1,"featured_media":0,"parent":0,"menu_order":0,"comment_status":"closed","ping_status":"closed","template":"","meta":{"footnotes":""},"class_list":["post-13","page","type-page","status-publish","hentry"],"_links":{"self":[{"href":"https:\/\/silicone-moderne.com\/index.php?rest_route=\/wp\/v2\/pages\/13","targetHints":{"allow":["GET"]}}],"collection":[{"href":"https:\/\/silicone-moderne.com\/index.php?rest_route=\/wp\/v2\/pages"}],"about":[{"href":"https:\/\/silicone-moderne.com\/index.php?rest_route=\/wp\/v2\/types\/page"}],"author":[{"embeddable":true,"href":"https:\/\/silicone-moderne.com\/index.php?rest_route=\/wp\/v2\/users\/1"}],"replies":[{"embeddable":true,"href":"https:\/\/silicone-moderne.com\/index.php?rest_route=%2Fwp%2Fv2%2Fcomments&post=13"}],"version-history":[{"count":0,"href":"https:\/\/silicone-moderne.com\/index.php?rest_route=\/wp\/v2\/pages\/13\/revisions"}],"wp:attachment":[{"href":"https:\/\/silicone-moderne.com\/index.php?rest_route=%2Fwp%2Fv2%2Fmedia&parent=13"}],"curies":[{"name":"wp","href":"https:\/\/api.w.org\/{rel}","templated":true}]}}